{"id":1738,"date":"2013-02-14T10:21:24","date_gmt":"2013-02-14T10:21:24","guid":{"rendered":"http:\/\/localhost\/wordpress\/medicenter\/?page_id=6"},"modified":"2013-02-14T10:21:24","modified_gmt":"2013-02-14T10:21:24","slug":"blog","status":"publish","type":"page","link":"https:\/\/course.berit-exbit.ch\/home\/blog\/","title":{"rendered":"Blog with sidebar"},"content":{"rendered":"[vc_row el_position=&#8221;first last&#8221;][vc_column width=&#8221;2\/3&#8243;]<ul class=\"blog clearfix page-margin-top\"><li class=\" post post-4391 type-post status-publish format-standard hentry category-neuigkeiten\"><ul class=\"comment-box clearfix\"><li class=\"date clearfix animated-element animation-slideRight\">\n\t\t\t\t\t\t\t\t<div class=\"value\">AUGUST 4, 2023<\/div>\n\t\t\t\t\t\t\t\t<div class=\"arrow-date\"><\/div>\n\t\t\t\t\t\t\t<\/li><li class=\"comments-number animated-element animation-slideUp duration-300 delay-500\">\t\t\t<a href=\"https:\/\/course.berit-exbit.ch\/home\/2023\/08\/04\/corona-antigen-test-und-pcr-test\/#respond\" title=\"0 COMMENTS\">0 COMMENTS<\/a>\n\t\t\t\t\t\t\t<\/li><\/ul><div class=\"post-content\"><h2 class=\"post-title\"><a href=\"https:\/\/course.berit-exbit.ch\/home\/2023\/08\/04\/corona-antigen-test-und-pcr-test\/\" title=\"Corona Antigen-Test und PCR-Test\">Corona Antigen-Test und PCR-Test<\/a><\/h2><p>itte buchen Sie&nbsp;online oder telefonisch&nbsp;einen Termin f\u00fcr den Corona-Test. Walk-in-Tests sind zu bestimmten Zeiten m\u00f6glich (siehe unter \u00d6ffnungszeiten). Ohne gebuchten Termin k\u00f6nnen wir Ihnen keinen Test garantieren.&nbsp; Antigen-Test inkl QR-Code&#8230;<\/p>\n<a title=\"Read more\" href=\"https:\/\/course.berit-exbit.ch\/home\/2023\/08\/04\/corona-antigen-test-und-pcr-test\/\" class=\"more template-arrow-horizontal-1-after\">Read more<\/a>\t\t<div class=\"post-footer clearfix\">\n\t\t\t\t\t\t\t\t<ul class=\"post-footer-details\"><li class=\"post-footer-author\">\n\t\t\t\t\t\t\t\t\t\t<a class=\"author\" href=\"https:\/\/course.berit-exbit.ch\/home\" title=\"admin\">admin<\/a>\n\t\t\t\t\t\t\t\t\t<\/li><li class=\"post-footer-category\">\n\t\t\t\t\t\t\t\t\t\t\t<a href=\"https:\/\/course.berit-exbit.ch\/home\/category\/neuigkeiten\/\" title=\"View all posts filed under NEUIGKEITEN\">NEUIGKEITEN<\/a>\n\t\t\t\t\t\t\t\t\t\t<\/li><\/ul><\/div><\/div><\/li><li class=\" post post-4389 type-post status-publish format-standard hentry category-neuigkeiten\"><ul class=\"comment-box clearfix\"><li class=\"date clearfix animated-element animation-slideRight\">\n\t\t\t\t\t\t\t\t<div class=\"value\">AUGUST 4, 2023<\/div>\n\t\t\t\t\t\t\t\t<div class=\"arrow-date\"><\/div>\n\t\t\t\t\t\t\t<\/li><li class=\"comments-number animated-element animation-slideUp duration-300 delay-500\">\t\t\t<a href=\"https:\/\/course.berit-exbit.ch\/home\/2023\/08\/04\/covid-19-impfung-moderna\/#respond\" title=\"0 COMMENTS\">0 COMMENTS<\/a>\n\t\t\t\t\t\t\t<\/li><\/ul><div class=\"post-content\"><h2 class=\"post-title\"><a href=\"https:\/\/course.berit-exbit.ch\/home\/2023\/08\/04\/covid-19-impfung-moderna\/\" title=\"Covid-19 Impfung (Moderna)\">Covid-19 Impfung (Moderna)<\/a><\/h2><p>Buchen Sie Ihren Impftermin 044 xxxxxx F\u00fcr weitere Informationen oder bei Fragen, wenden Sie sich bitte direkt via Mail an: info@xxxxx.ch<\/p>\n<a title=\"Read more\" href=\"https:\/\/course.berit-exbit.ch\/home\/2023\/08\/04\/covid-19-impfung-moderna\/\" class=\"more template-arrow-horizontal-1-after\">Read more<\/a>\t\t<div class=\"post-footer clearfix\">\n\t\t\t\t\t\t\t\t<ul class=\"post-footer-details\"><li class=\"post-footer-author\">\n\t\t\t\t\t\t\t\t\t\t<a class=\"author\" href=\"https:\/\/course.berit-exbit.ch\/home\" title=\"admin\">admin<\/a>\n\t\t\t\t\t\t\t\t\t<\/li><li class=\"post-footer-category\">\n\t\t\t\t\t\t\t\t\t\t\t<a href=\"https:\/\/course.berit-exbit.ch\/home\/category\/neuigkeiten\/\" title=\"View all posts filed under NEUIGKEITEN\">NEUIGKEITEN<\/a>\n\t\t\t\t\t\t\t\t\t\t<\/li><\/ul><\/div><\/div><\/li><li class=\" post post-4387 type-post status-publish format-standard hentry category-neuigkeiten\"><ul class=\"comment-box clearfix\"><li class=\"date clearfix animated-element animation-slideRight\">\n\t\t\t\t\t\t\t\t<div class=\"value\">AUGUST 4, 2023<\/div>\n\t\t\t\t\t\t\t\t<div class=\"arrow-date\"><\/div>\n\t\t\t\t\t\t\t<\/li><li class=\"comments-number animated-element animation-slideUp duration-300 delay-500\">\t\t\t<a href=\"https:\/\/course.berit-exbit.ch\/home\/2023\/08\/04\/hausarzt-50-100-fur-moderne-arztpraxis-in-bassersdorf-gesucht\/#respond\" title=\"0 COMMENTS\">0 COMMENTS<\/a>\n\t\t\t\t\t\t\t<\/li><\/ul><div class=\"post-content\"><h2 class=\"post-title\"><a href=\"https:\/\/course.berit-exbit.ch\/home\/2023\/08\/04\/hausarzt-50-100-fur-moderne-arztpraxis-in-bassersdorf-gesucht\/\" title=\"Hausarzt 50-100% f\u00fcr moderne Arztpraxis in Bassersdorf gesucht\">Hausarzt 50-100% f\u00fcr moderne Arztpraxis in Bassersdorf gesucht<\/a><\/h2><p>Zur Unterst\u00fctzung des bestehenden Praxisteams, suchen wir per sofort oder nach Vereinbarung einen\/e Facharzt (m\/w) f\u00fcr Allgemeinmedizin oder Innere Medizin (50-100%) in Bassersdorf. Sie sind Facharzt\/Fach\u00e4rztin oder praktischer Arzt\/\u00c4rztin f\u00fcr Allgemeine&#8230;<\/p>\n<a title=\"Read more\" href=\"https:\/\/course.berit-exbit.ch\/home\/2023\/08\/04\/hausarzt-50-100-fur-moderne-arztpraxis-in-bassersdorf-gesucht\/\" class=\"more template-arrow-horizontal-1-after\">Read more<\/a>\t\t<div class=\"post-footer clearfix\">\n\t\t\t\t\t\t\t\t<ul class=\"post-footer-details\"><li class=\"post-footer-author\">\n\t\t\t\t\t\t\t\t\t\t<a class=\"author\" href=\"https:\/\/course.berit-exbit.ch\/home\" title=\"admin\">admin<\/a>\n\t\t\t\t\t\t\t\t\t<\/li><li class=\"post-footer-category\">\n\t\t\t\t\t\t\t\t\t\t\t<a href=\"https:\/\/course.berit-exbit.ch\/home\/category\/neuigkeiten\/\" title=\"View all posts filed under NEUIGKEITEN\">NEUIGKEITEN<\/a>\n\t\t\t\t\t\t\t\t\t\t<\/li><\/ul><\/div><\/div><\/li><li class=\" post post-4385 type-post status-publish format-standard hentry category-neuigkeiten\"><ul class=\"comment-box clearfix\"><li class=\"date clearfix animated-element animation-slideRight\">\n\t\t\t\t\t\t\t\t<div class=\"value\">AUGUST 4, 2023<\/div>\n\t\t\t\t\t\t\t\t<div class=\"arrow-date\"><\/div>\n\t\t\t\t\t\t\t<\/li><li class=\"comments-number animated-element animation-slideUp duration-300 delay-500\">\t\t\t<a href=\"https:\/\/course.berit-exbit.ch\/home\/2023\/08\/04\/unser-neues-teammitglied\/#respond\" title=\"0 COMMENTS\">0 COMMENTS<\/a>\n\t\t\t\t\t\t\t<\/li><\/ul><div class=\"post-content\"><h2 class=\"post-title\"><a href=\"https:\/\/course.berit-exbit.ch\/home\/2023\/08\/04\/unser-neues-teammitglied\/\" title=\"Unser neues Teammitglied\">Unser neues Teammitglied<\/a><\/h2><p>Wir heissen\u00a0DM (D) Marion Weiher- Matschulat, Fach\u00e4rztin f\u00fcr Allgemeinmedizin (D),\u00a0bei uns im Team herzlich willkommen. Lebenslauf Studium der Humanmedizin in Berlin Seit 1990 Fach\u00e4rztin f\u00fcr Allgemeinmedizin 1992 niedergelassene \u00c4rztin in eigener Praxis&#8230;<\/p>\n<a title=\"Read more\" href=\"https:\/\/course.berit-exbit.ch\/home\/2023\/08\/04\/unser-neues-teammitglied\/\" class=\"more template-arrow-horizontal-1-after\">Read more<\/a>\t\t<div class=\"post-footer clearfix\">\n\t\t\t\t\t\t\t\t<ul class=\"post-footer-details\"><li class=\"post-footer-author\">\n\t\t\t\t\t\t\t\t\t\t<a class=\"author\" href=\"https:\/\/course.berit-exbit.ch\/home\" title=\"admin\">admin<\/a>\n\t\t\t\t\t\t\t\t\t<\/li><li class=\"post-footer-category\">\n\t\t\t\t\t\t\t\t\t\t\t<a href=\"https:\/\/course.berit-exbit.ch\/home\/category\/neuigkeiten\/\" title=\"View all posts filed under NEUIGKEITEN\">NEUIGKEITEN<\/a>\n\t\t\t\t\t\t\t\t\t\t<\/li><\/ul><\/div><\/div><\/li><\/ul><ul class='pagination page-margin-top'><li class='selected'><span>1<\/span><\/li><li><a href='https:\/\/course.berit-exbit.ch\/home\/wp-json\/wp\/v2\/pages\/1738\/page\/2\/'>2<\/a><\/li><\/ul>[\/vc_column][vc_column width=&#8221;1\/3&#8243;][vc_widget_sidebar top_margin=&#8221;page-margin-top&#8221; sidebar_id=&#8221;sidebar-blog&#8221; el_position=&#8221;first&#8221;]<h3 class=\"box-header animation-slide page-margin-top\">Photostream<\/h3><ul class=\"photostream clearfix default\"><li class=\"gallery-box hover-icons-off\"><img loading=\"lazy\" decoding=\"async\" width=\"100\" height=\"100\" src=\"https:\/\/course.berit-exbit.ch\/home\/wp-content\/uploads\/2017\/01\/image_08-2-100x100.jpg\" class=\"attachment-medicenter-small-thumb size-medicenter-small-thumb\" alt=\"\" srcset=\"https:\/\/course.berit-exbit.ch\/home\/wp-content\/uploads\/2017\/01\/image_08-2-100x100.jpg 100w, https:\/\/course.berit-exbit.ch\/home\/wp-content\/uploads\/2017\/01\/image_08-2-150x150.jpg 150w\" sizes=\"auto, (max-width: 100px) 100vw, 100px\" \/><ul class=\"controls\">\n\t\t\t\t\t<li>\n\t\t\t\t\t\t<a href=\"https:\/\/course.berit-exbit.ch\/home\/wp-content\/uploads\/2017\/01\/image_08-2.jpg\" rel=photostream[photostream]\" class=\"fancybox open-lightbox template-plus-2\"><\/a>\n\t\t\t\t\t<\/li>\n\t\t\t\t<\/ul>\n\t\t\t<\/li><li class=\"gallery-box hover-icons-off\"><img loading=\"lazy\" decoding=\"async\" width=\"100\" height=\"100\" src=\"https:\/\/course.berit-exbit.ch\/home\/wp-content\/uploads\/2017\/01\/image_02-2-100x100.jpg\" class=\"attachment-medicenter-small-thumb size-medicenter-small-thumb\" alt=\"\" srcset=\"https:\/\/course.berit-exbit.ch\/home\/wp-content\/uploads\/2017\/01\/image_02-2-100x100.jpg 100w, https:\/\/course.berit-exbit.ch\/home\/wp-content\/uploads\/2017\/01\/image_02-2-150x150.jpg 150w\" sizes=\"auto, (max-width: 100px) 100vw, 100px\" \/><ul class=\"controls\">\n\t\t\t\t\t<li>\n\t\t\t\t\t\t<a href=\"https:\/\/course.berit-exbit.ch\/home\/wp-content\/uploads\/2017\/01\/image_02-2.jpg\" rel=photostream[photostream]\" class=\"fancybox open-lightbox template-plus-2\"><\/a>\n\t\t\t\t\t<\/li>\n\t\t\t\t<\/ul>\n\t\t\t<\/li><li class=\"gallery-box hover-icons-off\"><img loading=\"lazy\" decoding=\"async\" width=\"100\" height=\"100\" src=\"https:\/\/course.berit-exbit.ch\/home\/wp-content\/uploads\/2017\/01\/image_03-2-100x100.jpg\" class=\"attachment-medicenter-small-thumb size-medicenter-small-thumb\" alt=\"\" srcset=\"https:\/\/course.berit-exbit.ch\/home\/wp-content\/uploads\/2017\/01\/image_03-2-100x100.jpg 100w, https:\/\/course.berit-exbit.ch\/home\/wp-content\/uploads\/2017\/01\/image_03-2-150x150.jpg 150w\" sizes=\"auto, (max-width: 100px) 100vw, 100px\" \/><ul class=\"controls\">\n\t\t\t\t\t<li>\n\t\t\t\t\t\t<a href=\"https:\/\/course.berit-exbit.ch\/home\/wp-content\/uploads\/2017\/01\/image_03-2.jpg\" rel=photostream[photostream]\" class=\"fancybox open-lightbox template-plus-2\"><\/a>\n\t\t\t\t\t<\/li>\n\t\t\t\t<\/ul>\n\t\t\t<\/li><li class=\"gallery-box hover-icons-off\"><img loading=\"lazy\" decoding=\"async\" width=\"100\" height=\"100\" src=\"https:\/\/course.berit-exbit.ch\/home\/wp-content\/uploads\/2017\/01\/image_04-2-100x100.jpg\" class=\"attachment-medicenter-small-thumb size-medicenter-small-thumb\" alt=\"\" srcset=\"https:\/\/course.berit-exbit.ch\/home\/wp-content\/uploads\/2017\/01\/image_04-2-100x100.jpg 100w, https:\/\/course.berit-exbit.ch\/home\/wp-content\/uploads\/2017\/01\/image_04-2-150x150.jpg 150w\" sizes=\"auto, (max-width: 100px) 100vw, 100px\" \/><ul class=\"controls\">\n\t\t\t\t\t<li>\n\t\t\t\t\t\t<a href=\"https:\/\/course.berit-exbit.ch\/home\/wp-content\/uploads\/2017\/01\/image_04-2.jpg\" rel=photostream[photostream]\" class=\"fancybox open-lightbox template-plus-2\"><\/a>\n\t\t\t\t\t<\/li>\n\t\t\t\t<\/ul>\n\t\t\t<\/li><li class=\"gallery-box hover-icons-off\"><img loading=\"lazy\" decoding=\"async\" width=\"100\" height=\"100\" src=\"https:\/\/course.berit-exbit.ch\/home\/wp-content\/uploads\/2017\/01\/image_05-2-100x100.jpg\" class=\"attachment-medicenter-small-thumb size-medicenter-small-thumb\" alt=\"\" srcset=\"https:\/\/course.berit-exbit.ch\/home\/wp-content\/uploads\/2017\/01\/image_05-2-100x100.jpg 100w, https:\/\/course.berit-exbit.ch\/home\/wp-content\/uploads\/2017\/01\/image_05-2-150x150.jpg 150w\" sizes=\"auto, (max-width: 100px) 100vw, 100px\" \/><ul class=\"controls\">\n\t\t\t\t\t<li>\n\t\t\t\t\t\t<a href=\"https:\/\/course.berit-exbit.ch\/home\/wp-content\/uploads\/2017\/01\/image_05-2.jpg\" rel=photostream[photostream]\" class=\"fancybox open-lightbox template-plus-2\"><\/a>\n\t\t\t\t\t<\/li>\n\t\t\t\t<\/ul>\n\t\t\t<\/li><li class=\"gallery-box hover-icons-off\"><img loading=\"lazy\" decoding=\"async\" width=\"100\" height=\"100\" src=\"https:\/\/course.berit-exbit.ch\/home\/wp-content\/uploads\/2017\/01\/image_06-2-100x100.jpg\" class=\"attachment-medicenter-small-thumb size-medicenter-small-thumb\" alt=\"\" srcset=\"https:\/\/course.berit-exbit.ch\/home\/wp-content\/uploads\/2017\/01\/image_06-2-100x100.jpg 100w, https:\/\/course.berit-exbit.ch\/home\/wp-content\/uploads\/2017\/01\/image_06-2-150x150.jpg 150w\" sizes=\"auto, (max-width: 100px) 100vw, 100px\" \/><ul class=\"controls\">\n\t\t\t\t\t<li>\n\t\t\t\t\t\t<a href=\"https:\/\/course.berit-exbit.ch\/home\/wp-content\/uploads\/2017\/01\/image_06-2.jpg\" rel=photostream[photostream]\" class=\"fancybox open-lightbox template-plus-2\"><\/a>\n\t\t\t\t\t<\/li>\n\t\t\t\t<\/ul>\n\t\t\t<\/li><li class=\"gallery-box hover-icons-off\"><img loading=\"lazy\" decoding=\"async\" width=\"100\" height=\"100\" src=\"https:\/\/course.berit-exbit.ch\/home\/wp-content\/uploads\/2012\/02\/image_10-2-100x100.jpg\" class=\"attachment-medicenter-small-thumb size-medicenter-small-thumb\" alt=\"\" srcset=\"https:\/\/course.berit-exbit.ch\/home\/wp-content\/uploads\/2012\/02\/image_10-2-100x100.jpg 100w, https:\/\/course.berit-exbit.ch\/home\/wp-content\/uploads\/2012\/02\/image_10-2-150x150.jpg 150w\" sizes=\"auto, (max-width: 100px) 100vw, 100px\" \/><ul class=\"controls\">\n\t\t\t\t\t<li>\n\t\t\t\t\t\t<a href=\"https:\/\/course.berit-exbit.ch\/home\/wp-content\/uploads\/2012\/02\/image_10-2.jpg\" rel=photostream[photostream]\" class=\"fancybox open-lightbox template-plus-2\"><\/a>\n\t\t\t\t\t<\/li>\n\t\t\t\t<\/ul>\n\t\t\t<\/li><li class=\"gallery-box hover-icons-off\"><img loading=\"lazy\" decoding=\"async\" width=\"100\" height=\"100\" src=\"https:\/\/course.berit-exbit.ch\/home\/wp-content\/uploads\/2012\/02\/image_11-2-100x100.jpg\" class=\"attachment-medicenter-small-thumb size-medicenter-small-thumb\" alt=\"\" srcset=\"https:\/\/course.berit-exbit.ch\/home\/wp-content\/uploads\/2012\/02\/image_11-2-100x100.jpg 100w, https:\/\/course.berit-exbit.ch\/home\/wp-content\/uploads\/2012\/02\/image_11-2-150x150.jpg 150w\" sizes=\"auto, (max-width: 100px) 100vw, 100px\" \/><ul class=\"controls\">\n\t\t\t\t\t<li>\n\t\t\t\t\t\t<a href=\"https:\/\/course.berit-exbit.ch\/home\/wp-content\/uploads\/2012\/02\/image_11-2.jpg\" rel=photostream[photostream]\" class=\"fancybox open-lightbox template-plus-2\"><\/a>\n\t\t\t\t\t<\/li>\n\t\t\t\t<\/ul>\n\t\t\t<\/li><\/ul>[vc_widget_sidebar top_margin=&#8221;page-margin-top&#8221; sidebar_id=&#8221;sidebar-blog-2&#8243; el_position=&#8221;last&#8221;][\/vc_column][\/vc_row]\n","protected":false},"excerpt":{"rendered":"<p>[vc_row el_position=&#8221;first last&#8221;][vc_column width=&#8221;2\/3&#8243;][\/vc_column][vc_column width=&#8221;1\/3&#8243;][vc_widget_sidebar top_margin=&#8221;page-margin-top&#8221; sidebar_id=&#8221;sidebar-blog&#8221; el_position=&#8221;first&#8221;][vc_widget_sidebar top_margin=&#8221;page-margin-top&#8221; sidebar_id=&#8221;sidebar-blog-2&#8243; el_position=&#8221;last&#8221;][\/vc_column][\/vc_row]<\/p>\n","protected":false},"author":1,"featured_media":0,"parent":0,"menu_order":0,"comment_status":"open","ping_status":"open","template":"template-blog.php","meta":{"footnotes":""},"class_list":["post-1738","page","type-page","status-publish","hentry"],"_links":{"self":[{"href":"https:\/\/course.berit-exbit.ch\/home\/wp-json\/wp\/v2\/pages\/1738","targetHints":{"allow":["GET"]}}],"collection":[{"href":"https:\/\/course.berit-exbit.ch\/home\/wp-json\/wp\/v2\/pages"}],"about":[{"href":"https:\/\/course.berit-exbit.ch\/home\/wp-json\/wp\/v2\/types\/page"}],"author":[{"embeddable":true,"href":"https:\/\/course.berit-exbit.ch\/home\/wp-json\/wp\/v2\/users\/1"}],"replies":[{"embeddable":true,"href":"https:\/\/course.berit-exbit.ch\/home\/wp-json\/wp\/v2\/comments?post=1738"}],"version-history":[{"count":0,"href":"https:\/\/course.berit-exbit.ch\/home\/wp-json\/wp\/v2\/pages\/1738\/revisions"}],"wp:attachment":[{"href":"https:\/\/course.berit-exbit.ch\/home\/wp-json\/wp\/v2\/media?parent=1738"}],"curies":[{"name":"wp","href":"https:\/\/api.w.org\/{rel}","templated":true}]}}