{"id":4199,"date":"2023-08-02T04:48:12","date_gmt":"2023-08-02T04:48:12","guid":{"rendered":"https:\/\/course.berit-exbit.ch\/home\/?page_id=4199"},"modified":"2023-12-07T06:29:26","modified_gmt":"2023-12-07T06:29:26","slug":"allgemeinmedizin","status":"publish","type":"page","link":"https:\/\/course.berit-exbit.ch\/home\/allgemeinmedizin\/","title":{"rendered":"ALLGEMEINMEDIZIN"},"content":{"rendered":"[vc_row top_margin=&#8221;page-margin-top-section-vlarge&#8221;][vc_column width=&#8221;1\/4&#8243;][vc_wp_custommenu nav_menu=&#8221;43&#8243; el_class=&#8221;vertical-menu&#8221;][vc_widget_sidebar top_margin=&#8221;page-margin-top&#8221; sidebar_id=&#8221;sidebar-home-right-style-2&#8243;][\/vc_column][vc_column width=&#8221;3\/4&#8243;][vc_column_text]\n<h2 class=\"box-header large margin-top-30\">Allgemeinmedizin<\/h2>\n<p><img loading=\"lazy\" decoding=\"async\" class=\"alignnone wp-image-4254 size-full\" src=\"https:\/\/course.berit-exbit.ch\/home\/wp-content\/uploads\/2023\/08\/Allgemeinmedizin_820x320.jpg\" alt=\"\" width=\"820\" height=\"320\" srcset=\"https:\/\/course.berit-exbit.ch\/home\/wp-content\/uploads\/2023\/08\/Allgemeinmedizin_820x320.jpg 820w, https:\/\/course.berit-exbit.ch\/home\/wp-content\/uploads\/2023\/08\/Allgemeinmedizin_820x320-300x117.jpg 300w, https:\/\/course.berit-exbit.ch\/home\/wp-content\/uploads\/2023\/08\/Allgemeinmedizin_820x320-768x300.jpg 768w\" sizes=\"auto, (max-width: 820px) 100vw, 820px\" \/><\/p>\n<p>Unser Angebot umfasst ein breites diagnostisches und therapeutisches Spektrum der Allgemeinmedizin. Die \u00c4rzte f\u00fcr Allgemeinmedizin stehen Ihnen jederzeit als erste Anlaufstelle f\u00fcr alle Ihre medizinischen Fragen und Beschwerden zur Verf\u00fcgung.<\/p>\n<p>Wir engagieren uns f\u00fcr gespr\u00e4chsorientierte und evidenzbasierte Medizin (Modern Primary Care) und gew\u00e4hrleisten eine gut koordinierte interdisziplin\u00e4re Betreuung.<\/p>\n<p>Nach M\u00f6glichkeiten erfolgt die Behandlung auch in Ihrer Muttersprache.[\/vc_column_text]<h2 class=\"box-header page-margin-top\">Untersuchungen<\/h2><ul class=\"items-list page-margin-top clearfix\">\n<ul>\n<li>Umfassende medizinische Untersuchungen sowie haus\u00e4rztliche Beratungen und Behandlungen<\/li>\n<li>Psychologische Betreuung<\/li>\n<li>Abkl\u00e4rungen und Betreuung vor und nach geplanten Operationen<\/li>\n<li>Interdisziplin\u00e4re Schmerztherapie<\/li>\n<li>Verkehrsmedizinische Untersuchung und Gesundheits-Checks<\/li>\n<li>Blutuntersuchungen, Urinuntersuchungen und Abstrichuntersuchungen im eigenen Labor. Spezifische Analysen werden in Zusammenarbeit mit einem externen Labor durchgef\u00fchrt<\/li>\n<li>R\u00f6ntgenuntersuchungen mit der neusten digitalen R\u00f6ntgentechnologie. Die Datenspeicherung der Bilder erfolgt auf Wunsch auf eine CD oder einen USB-Datenspeicher<\/li>\n<li>Ultraschalluntersuchungen<\/li>\n<li>Elektrokardiographie (EKG)<\/li>\n<li>24 Stunden-Blutdruck-Messung<\/li>\n<li>Lungenfunktionspr\u00fcfungen (Spirometrie)<\/li>\n<li>Allergieabkl\u00e4rungen (z.B. Pricktest, Nahrungsmitteltest)<\/li>\n<li>Infusionsbehandlungen<\/li>\n<\/ul>\n<\/ul>[vc_row_inner][vc_column_inner css=&#8221;.vc_custom_1690974325350{background-position: center !important;background-repeat: no-repeat !important;background-size: contain !important;}&#8221;]<h1 class=\"box-header align-center page-margin-top-section page-margin-top-section\">Rufen Sie an +41 44 296 50 50<\/h1>[\/vc_column_inner][\/vc_row_inner]<h3 class=\"box-header\">Online Appointment Form <\/h3><form class=\"contact-form \" id=\"contact_form\" method=\"post\" action=\"\"><div class=\"vc_row wpb_row vc_inner\">\n\t\t\t<fieldset class=\"vc_col-sm-6 wpb_column vc_column_container\"><label>VORNAME<\/label>\n\t\t\t\t<div class=\"block\">\n\t\t\t\t\t<input class=\"text_input\" name=\"first_name\" type=\"text\" value=\"\" tabindex=\"1\" data-required=\"1\">\n\t\t\t\t<\/div><label>TELEFONNUMMER (OPTIONAL)<\/label>\n\t\t\t\t<div class=\"block\">\n\t\t\t\t\t<input class=\"text_input\" name=\"phone_number\" type=\"text\" value=\"\" tabindex=\"5\">\n\t\t\t\t<\/div><\/fieldset>\n\t\t\t<fieldset class=\"vc_col-sm-6 wpb_column vc_column_container\"><label>NACHNAME<\/label>\n\t\t\t\t<div class=\"block\">\n\t\t\t\t\t<input class=\"text_input\" name=\"last_name\" type=\"text\" value=\"\" tabindex=\"2\" data-required=\"1\">\n\t\t\t\t<\/div><label>E-MAIL<\/label>\n\t\t\t\t<div class=\"block\">\n\t\t\t\t\t<input class=\"text_input\" name=\"email\" type=\"text\" value=\"\" tabindex=\"6\" data-required=\"1\">\n\t\t\t\t<\/div><\/fieldset>\n\t\t<\/div><div class=\"vc_row wpb_row vc_inner\">\n\t\t\t<fieldset>\n\t\t\t\t<label>REASON OF APPOINTMENT<\/label>\n\t\t\t\t<div class=\"block\">\n\t\t\t\t\t<textarea name=\"message\" tabindex=\"7\" data-required=\"1\"><\/textarea>\n\t\t\t\t<\/div>\n\t\t\t<\/fieldset>\n\t\t<\/div><div class=\"vc_row wpb_row vc_inner submit-container margin-top-30\"><div class=\"vc_col-sm-6 wpb_column vc_column_container\">\n\t\t\t\t<p>Wir Antworten innerhalb eines Arbeitstages<\/p>\n\t\t\t<\/div>\n\t\t\t<div class=\"vc_col-sm-6 wpb_column vc_column_container \"><input type=\"hidden\" name=\"action\" value=\"theme_contact_form\" \/>\n\t\t\t\t<input type=\"hidden\" name=\"id\" value=\"contact_form\" \/><div class=\"vc_row wpb_row vc_inner\">\n\t\t\t\t<input type=\"submit\" name=\"submit\" value=\"Abschicken\" class=\"more mc-button\" \/>\n\t\t\t<\/div><\/div><\/div>\n\t<\/form>[\/vc_column][\/vc_row]\n","protected":false},"excerpt":{"rendered":"<p>[vc_row top_margin=&#8221;page-margin-top-section-vlarge&#8221;][vc_column width=&#8221;1\/4&#8243;][vc_wp_custommenu nav_menu=&#8221;43&#8243; el_class=&#8221;vertical-menu&#8221;][vc_widget_sidebar top_margin=&#8221;page-margin-top&#8221; sidebar_id=&#8221;sidebar-home-right-style-2&#8243;][\/vc_column][vc_column width=&#8221;3\/4&#8243;][vc_column_text] Allgemeinmedizin Unser Angebot umfasst ein breites diagnostisches und therapeutisches Spektrum der Allgemeinmedizin. Die \u00c4rzte f\u00fcr Allgemeinmedizin stehen Ihnen jederzeit als erste Anlaufstelle f\u00fcr alle Ihre medizinischen Fragen und Beschwerden zur Verf\u00fcgung. Wir engagieren uns f\u00fcr gespr\u00e4chsorientierte und evidenzbasierte Medizin (Modern Primary Care) und gew\u00e4hrleisten eine gut koordinierte<\/p>\n","protected":false},"author":1,"featured_media":0,"parent":0,"menu_order":0,"comment_status":"closed","ping_status":"closed","template":"","meta":{"footnotes":""},"class_list":["post-4199","page","type-page","status-publish","hentry"],"_links":{"self":[{"href":"https:\/\/course.berit-exbit.ch\/home\/wp-json\/wp\/v2\/pages\/4199","targetHints":{"allow":["GET"]}}],"collection":[{"href":"https:\/\/course.berit-exbit.ch\/home\/wp-json\/wp\/v2\/pages"}],"about":[{"href":"https:\/\/course.berit-exbit.ch\/home\/wp-json\/wp\/v2\/types\/page"}],"author":[{"embeddable":true,"href":"https:\/\/course.berit-exbit.ch\/home\/wp-json\/wp\/v2\/users\/1"}],"replies":[{"embeddable":true,"href":"https:\/\/course.berit-exbit.ch\/home\/wp-json\/wp\/v2\/comments?post=4199"}],"version-history":[{"count":16,"href":"https:\/\/course.berit-exbit.ch\/home\/wp-json\/wp\/v2\/pages\/4199\/revisions"}],"predecessor-version":[{"id":4655,"href":"https:\/\/course.berit-exbit.ch\/home\/wp-json\/wp\/v2\/pages\/4199\/revisions\/4655"}],"wp:attachment":[{"href":"https:\/\/course.berit-exbit.ch\/home\/wp-json\/wp\/v2\/media?parent=4199"}],"curies":[{"name":"wp","href":"https:\/\/api.w.org\/{rel}","templated":true}]}}